*o**2 - 6 - o**u - 3*o - o + 5*o. Let m = -2 - -2. Determine a(m).
-6
Let k(i) be the second derivative of i**7/1260 - i**5/120 - 11*i**4/4 - 35*i. Let l(v) be the third derivative of k(v). What is l(3)?
17
Let t = -2730 + 2726. Let z(g) = 17*g + 1. Give z(t).
-67
Let o(q) = 3*q. Let g(n) = n**2 - 6*n + 7. Let v be g(3). Let u be o(v). Let s(m) = m**3 + 6*m**2 + m + 4. What is s(u)?
-2
Let y be 1 + 0 + (-56 - -53). Let i(d) = 5*d + 4. Give i(y).
-6
Let h be 65/(-30) + (-5)/(-30). Let z(x) = x**2 - 3*x - 4. Calculate z(h).
6
Let g(c) be the second derivative of -c**5/20 - c**4/2 - 4*c**3/3 - 3*c**2 - 163*c. What is g(-5)?
9
Let r(o) = o + 40. Let y be r(-12). Suppose 65*i = 61*i - y. Let t(f) = f**3 + 11*f**2 - f**2 - 3*f**2 - 9 - 3*f. What is t(i)?
12
Let y be (-1)/(-2) + -6*(-4)/(-16). Let h(a) be the second derivative of -3*a**3 - 3*a**2/2 + a. Let c(u) = -1. Let x(l) = y*h(l) + 4*c(l). Give x(1).
17
Let m(o) = 94*o - 193*o - 9*o**2 - o**3 + 81*o - 3. Calculate m(-6).
-3
Suppose 8*x - 2*c = 4*x - 28, -16 = 4*x - 5*c. Let o(q) = q**2 + 10*q + 2. Give o(x).
-7
Let j(m) = 8*m - 71. Let p be j(10). Let q(d) = -2 - p*d + 5 + 6*d - 2. Calculate q(-1).
4
Suppose 0 = -2*j + 6*j - 12. Suppose -2*u + 4*o - j*o = 2, 2*u = -3*o + 14. Let n(z) = 3*z - 1. Determine n(u).
2
Let f(n) = 10 - 5*n**3 + n - 2*n**2 - 15*n**3 + 21*n**3. Determine f(0).
10
Let y(w) = 0*w - w + 0 + 6 - 8 - 2*w. Determine y(-6).
16
Suppose -3*r - 5*q - 4 = 0, 4*q = -2*r + 2*q. Suppose 0 = -2*h - h + 4*n + 3, 3*h + r*n = 3. Let o(c) = -c + 1 + 11*c - 2*c. Calculate o(h).
9
Let t(l) = l + 1. Let b(n) = n**3 + 4*n**2 - 4*n. Let h(c) = -b(c) - 5*t(c). Suppose 4 = -6*x - 20. What is h(x)?
-1
Let g(p) be the third derivative of p**6/120 + p**5/15 + p**4/6 + p**3/2 + 114*p**2. Calculate g(-3).
0
Let y(r) be the third derivative of -r**6/40 + r**5/120 + 3*r**3/2 - 13*r**2. Let b(m) be the first derivative of y(m). Calculate b(-1).
-10
Let r(x) = 5*x + 13 - 9*x + 5*x + 1. Determine r(-8).
6
Let o(g) = -3*g - 7. Let d(b) = 2*b + 6. Let w(q) = 4*d(q) + 3*o(q). What is w(-3)?
6
Let m = -82 + 80. Let c(j) = -2*j**2 + 5*j**2 + j**3 + 5*j - 46 + 51. What is c(m)?
-1
Suppose 5*c = -2*y + 3, 2*y = -c + y. Let t be ((-9)/6)/((-30)/40). Let i(u) = 4*u - 4*u + 6*u - t*u - c. Calculate i(-1).
-5
Let n(a) be the second derivative of a**8/3360 - a**7/2520 + a**6/720 - a**5/120 + 5*a**4/4 + 9*a. Let f(r) be the third derivative of n(r). Determine f(1).
1
Let w(s) be the first derivative of 7*s**2/2 - 13*s - 191. Calculate w(5).
22
Let o(f) = -2*f**3 - 21*f**2 - 11*f - 5. Let u be o(-10). Let t(y) = y**3 - 5*y**2 - 6*y - 1. What is t(u)?
-31
Let l(m) = -m**3 + 10*m**2 + 2*m - 9. Let v(c) = -c + 28. Let i be v(18). Calculate l(i).
11
Let z(y) = -4 - 5*y**3 - 6*y + 4*y**3 + 344*y**2 - 335*y**2. Determine z(8).
12
Suppose 0 = -17*a + 26*a - 72. Let q(s) = s**2 - 8*s + 12. What is q(a)?
12
Let b be 87/58 - (-18)/(-4). Let m(g) = -3*g**3 - 5*g**2 + 3*g. Let t(v) = -4*v**3 - 6*v**2 + 3*v + 1. Let j(p) = -3*m(p) + 2*t(p). Calculate j(b).
11
Let d = -59 - -61. Suppose d*o = -o - 2*m + 35, -5*o + m = -41. Let h(g) = g**2 - 9*g + 13. Give h(o).
13
Let v(g) = -g**3 - 2*g**2 - g + 2. Let h be v(-2). Suppose 0*b + h*b = 16. Let t(y) = -20 + 55*y**2 + 11 + 11 - 6*y - 54*y**2 + y. Calculate t(b).
-2
Let m be 2*(3 + (-15)/6). Let q be 12/(-6) + (m - 3). Let n be q/(2 + -1) + 2. Let a(b) = b**2 + 3*b - 1. Determine a(n).
-3
Suppose 2 - 6 = -4*q. Let n(y) = -4 + 2 - 2*y + 0 - q. Suppose -4*s + 0*s = -16. Calculate n(s).
-11
Let n(q) = -2*q**3 + 4*q**2 - 5*q - 5. Let b(g) be the first derivative of -1/2*g**2 - g - 5. Let s(y) = -3*b(y) + n(y). What is s(2)?
-6
Let q(z) = -2*z - 3. Let j(u) = -2*u + 2. Let l be j(6). Let o be 63/6*(0 + (-2)/3). Let y = l - o. What is q(y)?
3
Let a(u) = 41 - 254*u - 261*u - 258*u + 776*u. What is a(-13)?
2
Suppose -21*r - 59 - 25 = 0. Let g(m) be the third derivative of m**5/60 + 5*m**4/24 + 2*m**3/3 - m**2. Give g(r).
0
Let h(w) = w**3 + 12*w**2 + 19*w**2 - 30*w**2 + 13 + 5. What is h(0)?
18
Let b(w) = -11*w - 12. Let i(u) = 8*u + 7. Let n(o) = -3*b(o) - 5*i(o). Let f(z) = -z**3 - 3*z**2 - 2*z - 2. Let g be f(-2). Determine n(g).
15
Suppose 0 = -5*l - d - d - 9, 0 = -4*l - 2*d - 6. Let w(n) = -3*n - 2. Let y(r) = r**2 - 15*r - 12. Let c(o) = 5*w(o) - y(o). Calculate c(l).
-7
Let f(w) = 0*w - 4 + 4 + 1 - 3*w. Suppose 0 = 3*s + 5*b - 8, 4*b - 1 - 3 = 0. Calculate f(s).
-2
Suppose -12*h + 3*j = -10*h + 2, 5*h - 3*j - 4 = 0. Let a(v) = -v**3 - v**2 + 4*v - 4. Give a(h).
-8
Let c(i) = i**3 - 4*i**2 + 3*i - 2. Let o(p) = -p**3 + 19*p**2 + 21*p - 18. Let s be o(20). What is c(s)?
-4
Let h(q) be the third derivative of q**6/40 - q**5/20 - q**4/24 + 158*q**2. Calculate h(3).
51
Let u(s) = s**3 - 7*s**2 - 11*s + 16. Suppose -5*y = i - 3*i - 48, i = -5*y + 36. Give u(y).
-8
Let c(q) = 5*q**2 + 11*q + 10. Let a(g) = -6*g**2 - 12*g - 11. Suppose 4*r - 15 = 5. Let x(p) = r*c(p) + 4*a(p). Give x(-7).
6
Let k(g) = 4*g**2 - g**2 + 4 + 5*g - 2 - g**2. Calculate k(-3).
5
Let c(u) = u**3 - 5*u**2 - u + 6. Let p = -12 + 61. Let n = 39 - p. Let m be n/(-3)*(-9)/(-6). Calculate c(m).
1
Let b(p) = 3*p + 0*p - p + 3. What is b(8)?
19
Let q(r) = 7*r**3 - 17*r**2 - 15*r + 9. Let n(x) = -4*x**3 + 9*x**2 + 8*x - 5. Suppose -20 = 3*v - 2. Let y(a) = v*q(a) - 11*n(a). What is y(-2)?
-7
Let u(f) = f**3 + 6. Let k = 1 - -3. Suppose 12*i - 12 - 24 = 0. Suppose 5*q + 2 = 4*q, 6 = k*o - i*q. Calculate u(o).
6
Suppose 2*h + 28 = 4*h + 5*k, -3*k + 4 = -2*h. Let v(a) = -2*a**2 + 6*a - 2. Calculate v(h).
-10
Let j(m) be the second derivative of m**4/12 + 4*m**3/3 - m**2 - 33*m. Determine j(-5).
-17
Suppose -11*f + 6*f + 2*q = -15, q + 5 = 0. Let i(v) = 5*v**2 - v + 1. What is i(f)?
5
Let r(k) = -7 + 16*k**3 + 8 - 15*k**3 - 2*k**2 - 6*k**2 - 9*k**2 + 16*k. Determine r(16).
1
Let f = 103 - 42. Suppose 2*u + f = -s, -u - u - 2*s = 64. Let y = 30 + u. Let b(n) = n + 1. Determine b(y).
2
Let t(p) be the third derivative of -7*p**4/24 - p**3/3 + 236*p**2 - p. What is t(-3)?
19
Let w(b) = 7 - 3*b - 4*b**2 - 4 - b**3 + 2*b + 0*b**2. Let q = -10 + 14. Suppose 2*s + 2*s + 2*y = -20, q*y + 4 = 4*s. Give w(s).
-3
Let k(l) = 3*l**2 + 21*l + 11. Let s(j) = -2*j**2 - 11*j - 5. Let t(u) = 3*k(u) + 5*s(u). What is t(8)?
8
Let o(m) be the first derivative of -m**3/3 - m**2/2 + 17*m - 18. Let q(x) be the first derivative of o(x). Determine q(-4).
7
Let h(x) = 2*x**3 - 9*x**2 + 13*x + 4. Let g(l) = l**3 - l**2 + 2*l + 1. Let z(i) = 3*g(i) - h(i). Calculate z(-7).
-1
Let x = -262 - -266. Let y(p) = -p**3 + 6*p**2 - 5*p - 6. Give y(x).
6
Let m(w) be the third derivative of -w**8/20160 - w**7/720 - w**6/120 - w**5/5 + 2*w**2. Let s(z) be the third derivative of m(z). Give s(-6).
0
Let g(u) = -6*u**3 - 60*u**2 - 54*u + 3. Let t be g(-9). Let w(i) = -i + 5. Determine w(t).
2
Let h(v) be the second derivative of v**3/3 - 7*v**2/2 + 18*v. Let s(g) = -12*g - 16. Let t be s(-2). What is h(t)?
9
Let b(s) = -2*s**2 - 2*s + 2. Let k(j) be the second derivative of j**4/6 + j**3/3 - j**2 + 24*j. Let r(m) = 5*b(m) + 6*k(m). What is r(-2)?
2
Let h = 5 + 2. Let w(a) = -7*a**3 - 32*a**2 - 23*a + 28. Let k(j) = -9*j**3 - 40*j**2 - 30*j + 35. Let f(y) = 11*k(y) - 14*w(y). What is f(h)?
-14
Let t(o) = 1 + 4*o**2 + 9*o + 2591*o**3 - 2*o - 2592*o**3. Determine t(5).
11
Let u(g) = 6*g**2 - 14*g - 1. Let x(y) = -y**2 + 2*y + 1. Let m(n) = -u(n) - 4*x(n). Give m(5).
-23
Let x(u) = -u**3 + 13*u**2 + 13*u + 14. Let k(h) = -h**3 + h**2 - h + 2. Let a(f) = 2*k(f) - x(f). What is a(-10)?
40
Let h(u) = -15*u**2 + 3*u - 27. Let m(a) = 4*a**2 - a + 9. Let p(k) = 2*h(k) + 7*m(k). What is p(-3)?
-6
Let l(d) = 55 + 31 - d - 68. Calculate l(13).
5
Suppose -2*j + 23 = j + 2*z, -4*j + 26 = -2*z. Suppose 13 - j = -p. Let i(m) = m**2 + 7*m + 6. What is i(p)?
0
Let w(g) be the second derivative of -4*g + 0 + 2/3*g**3 + 1/2*g**2 - 1/6*g**4 - 1/20*g**5. What is w(-3)?
-2
Let k be (6 + 104/(-18))*27. Let n = -2 - -3. Let g = n - k. Let z(s) = s - 6. Calculate z(g).
-11
Let a(l) = -l**3 - 5*l**2 + 2*l + 5. Let g(h) be the third derivative of -h**5/60 - h**3/6 - h**2. Let q be 18/(-180) + 42/20. Let n be g(q). Calculate a(n).
-5
Let m be -1 - (-1 - -1*15). Let x be 6/(-5)*m/6. Let t(o) be the t